Last updated on 2024-05-04 09:49:38 CEST.
Flavor | Version | Tinstall | Tcheck | Ttotal | Status | Flags |
---|---|---|---|---|---|---|
r-devel-linux-x86_64-debian-clang | 0.4-5 | 105.58 | 148.13 | 253.71 | OK | |
r-devel-linux-x86_64-debian-gcc | 0.4-5 | 81.17 | 108.86 | 190.03 | OK | |
r-devel-linux-x86_64-fedora-clang | 0.4-5 | 311.38 | OK | |||
r-devel-linux-x86_64-fedora-gcc | 0.4-5 | 337.03 | OK | |||
r-devel-windows-x86_64 | 0.4-5 | 74.00 | 135.00 | 209.00 | OK | |
r-patched-linux-x86_64 | 0.4-5 | 101.43 | 143.59 | 245.02 | OK | |
r-release-linux-x86_64 | 0.4-5 | 97.39 | 142.65 | 240.04 | OK | |
r-release-macos-arm64 | 0.4-5 | 76.00 | NOTE | |||
r-release-windows-x86_64 | 0.4-5 | 75.00 | 134.00 | 209.00 | OK | |
r-oldrel-macos-arm64 | 0.4-5 | 74.00 | NOTE | |||
r-oldrel-macos-x86_64 | 0.4-5 | 175.00 | NOTE | |||
r-oldrel-windows-x86_64 | 0.4-5 | 95.00 | 166.00 | 261.00 | OK |
Version: 0.4-5
Check: installed package size
Result: NOTE
installed size is 9.7Mb
sub-directories of 1Mb or more:
libs 9.0Mb
Flavors: r-release-macos-arm64, r-oldrel-macos-arm64, r-oldrel-macos-x86_64