Last updated on 2024-05-04 13:49:09 CEST.
Flavor | Version | Tinstall | Tcheck | Ttotal | Status | Flags |
---|---|---|---|---|---|---|
r-devel-linux-x86_64-debian-clang | 0.1.19 | 18.82 | 201.05 | 219.87 | OK | |
r-devel-linux-x86_64-debian-gcc | 0.1.19 | 16.10 | 144.73 | 160.83 | OK | |
r-devel-linux-x86_64-fedora-clang | 0.1.19 | 273.33 | OK | |||
r-devel-linux-x86_64-fedora-gcc | 0.1.19 | 260.25 | OK | |||
r-devel-windows-x86_64 | 0.1.19 | 18.00 | 182.00 | 200.00 | OK | |
r-patched-linux-x86_64 | 0.1.19 | 19.67 | 184.23 | 203.90 | OK | |
r-release-linux-x86_64 | 0.1.19 | 13.09 | 185.34 | 198.43 | OK | |
r-release-macos-arm64 | 0.1.19 | 84.00 | OK | |||
r-release-windows-x86_64 | 0.1.19 | 19.00 | 176.00 | 195.00 | OK | |
r-oldrel-macos-arm64 | 0.1.19 | 93.00 | OK | |||
r-oldrel-macos-x86_64 | 0.1.19 | 209.00 | NOTE | |||
r-oldrel-windows-x86_64 | 0.1.19 | 24.00 | 209.00 | 233.00 | OK |
Version: 0.1.19
Check: installed package size
Result: NOTE
installed size is 5.6Mb
sub-directories of 1Mb or more:
data 5.1Mb
Flavor: r-oldrel-macos-x86_64