Last updated on 2024-05-04 13:49:09 CEST.
Flavor | Version | Tinstall | Tcheck | Ttotal | Status | Flags |
---|---|---|---|---|---|---|
r-devel-linux-x86_64-debian-clang | 2.4 | 76.90 | 104.01 | 180.91 | OK | |
r-devel-linux-x86_64-debian-gcc | 2.4 | 57.84 | 77.84 | 135.68 | OK | |
r-devel-linux-x86_64-fedora-clang | 2.4 | 256.96 | OK | |||
r-devel-linux-x86_64-fedora-gcc | 2.4 | 247.73 | OK | |||
r-devel-windows-x86_64 | 2.4 | 68.00 | 123.00 | 191.00 | OK | |
r-patched-linux-x86_64 | 2.4 | 69.34 | 101.16 | 170.50 | OK | |
r-release-linux-x86_64 | 2.4 | 67.35 | 100.61 | 167.96 | OK | |
r-release-macos-arm64 | 2.4 | 62.00 | NOTE | |||
r-release-windows-x86_64 | 2.4 | 65.00 | 124.00 | 189.00 | OK | |
r-oldrel-macos-arm64 | 2.4 | 72.00 | NOTE | |||
r-oldrel-macos-x86_64 | 2.4 | 125.00 | NOTE | |||
r-oldrel-windows-x86_64 | 2.4 | 79.00 | 143.00 | 222.00 | OK |
Version: 2.4
Check: installed package size
Result: NOTE
installed size is 6.7Mb
sub-directories of 1Mb or more:
data 1.6Mb
libs 3.9Mb
Flavors: r-release-macos-arm64, r-oldrel-macos-arm64, r-oldrel-macos-x86_64