Last updated on 2024-05-04 13:49:09 CEST.
Flavor | Version | Tinstall | Tcheck | Ttotal | Status | Flags |
---|---|---|---|---|---|---|
r-devel-linux-x86_64-debian-clang | 1.0.0 | 2.90 | 36.70 | 39.60 | OK | |
r-devel-linux-x86_64-debian-gcc | 1.0.0 | 1.98 | 27.08 | 29.06 | OK | |
r-devel-linux-x86_64-fedora-clang | 1.0.0 | 48.31 | NOTE | |||
r-devel-linux-x86_64-fedora-gcc | 1.0.0 | 46.18 | NOTE | |||
r-devel-windows-x86_64 | 1.0.0 | 4.00 | 54.00 | 58.00 | OK | |
r-patched-linux-x86_64 | 1.0.0 | 3.27 | 34.21 | 37.48 | OK | |
r-release-linux-x86_64 | 1.0.0 | 3.11 | 35.05 | 38.16 | OK | |
r-release-macos-arm64 | 1.0.0 | 18.00 | OK | |||
r-release-windows-x86_64 | 1.0.0 | 4.00 | 53.00 | 57.00 | OK | |
r-oldrel-macos-arm64 | 1.0.0 | 22.00 | OK | |||
r-oldrel-macos-x86_64 | 1.0.0 | 26.00 | OK | |||
r-oldrel-windows-x86_64 | 1.0.0 | 4.00 | 53.00 | 57.00 | OK |
Version: 1.0.0
Check: dependencies in R code
Result: NOTE
Namespace in Imports field not imported from: ‘base’
All declared Imports should be used.
Flavors: r-devel-linux-x86_64-fedora-clang, r-devel-linux-x86_64-fedora-gcc