Last updated on 2024-05-04 09:49:39 CEST.
Flavor | Version | Tinstall | Tcheck | Ttotal | Status | Flags |
---|---|---|---|---|---|---|
r-devel-linux-x86_64-debian-clang | 0.2.1 | 5.17 | 63.09 | 68.26 | OK | |
r-devel-linux-x86_64-debian-gcc | 0.2.1 | 4.92 | 47.68 | 52.60 | OK | |
r-devel-linux-x86_64-fedora-clang | 0.2.1 | 88.64 | NOTE | |||
r-devel-linux-x86_64-fedora-gcc | 0.2.1 | 94.18 | NOTE | |||
r-devel-windows-x86_64 | 0.2.1 | 7.00 | 71.00 | 78.00 | OK | |
r-patched-linux-x86_64 | 0.2.1 | 5.18 | 61.59 | 66.77 | OK | |
r-release-linux-x86_64 | 0.2.1 | 4.14 | 60.24 | 64.38 | OK | |
r-release-macos-arm64 | 0.2.1 | 32.00 | OK | |||
r-release-windows-x86_64 | 0.2.1 | 7.00 | 72.00 | 79.00 | OK | |
r-oldrel-macos-arm64 | 0.2.1 | 40.00 | OK | |||
r-oldrel-macos-x86_64 | 0.2.1 | 59.00 | OK | |||
r-oldrel-windows-x86_64 | 0.2.1 | 8.00 | 77.00 | 85.00 | OK |
Version: 0.2.1
Check: dependencies in R code
Result: NOTE
Namespaces in Imports field not imported from:
‘dplyr’ ‘tibble’
All declared Imports should be used.
Flavors: r-devel-linux-x86_64-fedora-clang, r-devel-linux-x86_64-fedora-gcc