Last updated on 2024-05-04 13:49:10 CEST.
Flavor | Version | Tinstall | Tcheck | Ttotal | Status | Flags |
---|---|---|---|---|---|---|
r-devel-linux-x86_64-debian-clang | 1.0.2 | 11.76 | 85.00 | 96.76 | NOTE | |
r-devel-linux-x86_64-debian-gcc | 1.0.2 | 8.83 | 225.85 | 234.68 | OK | |
r-devel-linux-x86_64-fedora-clang | 1.0.2 | 408.10 | OK | |||
r-devel-linux-x86_64-fedora-gcc | 1.0.2 | 382.22 | OK | |||
r-devel-windows-x86_64 | 1.0.2 | 42.00 | 216.00 | 258.00 | OK | |
r-patched-linux-x86_64 | 1.0.2 | 9.47 | 282.84 | 292.31 | OK | |
r-release-linux-x86_64 | 1.0.2 | 6.44 | 284.26 | 290.70 | OK | |
r-release-macos-arm64 | 1.0.2 | 134.00 | OK | |||
r-release-windows-x86_64 | 1.0.2 | 37.00 | 215.00 | 252.00 | OK | |
r-oldrel-macos-arm64 | 1.0.2 | 48.00 | NOTE | |||
r-oldrel-macos-x86_64 | 1.0.2 | 82.00 | NOTE | |||
r-oldrel-windows-x86_64 | 1.0.2 | 52.00 | 290.00 | 342.00 | OK |
Version: 1.0.2
Check: package dependencies
Result: NOTE
Packages suggested but not available for checking: 'xcms', 'MSnbase'
Flavors: r-devel-linux-x86_64-debian-clang, r-oldrel-macos-arm64, r-oldrel-macos-x86_64