Last updated on 2024-05-04 13:49:10 CEST.
Flavor | Version | Tinstall | Tcheck | Ttotal | Status | Flags |
---|---|---|---|---|---|---|
r-devel-linux-x86_64-debian-clang | 0.2.0 | 465.62 | 568.45 | 1034.07 | NOTE | |
r-devel-linux-x86_64-debian-gcc | 0.2.0 | 419.93 | 409.08 | 829.01 | NOTE | |
r-devel-linux-x86_64-fedora-clang | 0.2.0 | 1206.51 | NOTE | |||
r-devel-linux-x86_64-fedora-gcc | 0.2.0 | 1400.65 | NOTE | |||
r-devel-windows-x86_64 | 0.2.0 | 338.00 | 380.00 | 718.00 | NOTE | |
r-patched-linux-x86_64 | 0.2.0 | 333.83 | 545.93 | 879.76 | NOTE | |
r-release-linux-x86_64 | 0.2.0 | 353.53 | 564.63 | 918.16 | NOTE | |
r-release-macos-arm64 | 0.2.0 | 265.00 | NOTE | |||
r-release-windows-x86_64 | 0.2.0 | 331.00 | 375.00 | 706.00 | NOTE | |
r-oldrel-macos-arm64 | 0.2.0 | 258.00 | NOTE | |||
r-oldrel-macos-x86_64 | 0.2.0 | 466.00 | NOTE | |||
r-oldrel-windows-x86_64 | 0.2.0 | 438.00 | 567.00 | 1005.00 | NOTE |
Version: 0.2.0
Check: for GNU extensions in Makefiles
Result: NOTE
GNU make is a SystemRequirements.
Flavors: r-devel-linux-x86_64-debian-clang, r-devel-linux-x86_64-debian-gcc, r-devel-linux-x86_64-fedora-clang, r-devel-linux-x86_64-fedora-gcc, r-devel-windows-x86_64, r-patched-linux-x86_64, r-release-linux-x86_64, r-release-macos-arm64, r-release-windows-x86_64, r-oldrel-macos-arm64, r-oldrel-macos-x86_64, r-oldrel-windows-x86_64
Version: 0.2.0
Check: installed package size
Result: NOTE
installed size is 5.5Mb
sub-directories of 1Mb or more:
libs 4.5Mb
Flavors: r-devel-linux-x86_64-fedora-clang, r-release-macos-arm64, r-oldrel-macos-arm64, r-oldrel-macos-x86_64
Version: 0.2.0
Check: dependencies in R code
Result: NOTE
Namespaces in Imports field not imported from:
‘RcppParallel’ ‘rstantools’
All declared Imports should be used.
Flavors: r-devel-linux-x86_64-fedora-clang, r-devel-linux-x86_64-fedora-gcc