Last updated on 2024-05-04 13:49:11 CEST.
Flavor | Version | Tinstall | Tcheck | Ttotal | Status | Flags |
---|---|---|---|---|---|---|
r-devel-linux-x86_64-debian-clang | 0.4.0 | 43.52 | 80.00 | 123.52 | OK | |
r-devel-linux-x86_64-debian-gcc | 0.4.0 | 38.96 | 57.05 | 96.01 | OK | |
r-devel-linux-x86_64-fedora-clang | 0.4.0 | 177.22 | OK | |||
r-devel-linux-x86_64-fedora-gcc | 0.4.0 | 176.48 | OK | |||
r-devel-windows-x86_64 | 0.4.0 | 39.00 | 186.00 | 225.00 | OK | |
r-patched-linux-x86_64 | 0.4.0 | 45.76 | 73.58 | 119.34 | OK | |
r-release-linux-x86_64 | 0.4.0 | 34.04 | 73.74 | 107.78 | OK | |
r-release-macos-arm64 | 0.4.0 | 84.00 | NOTE | |||
r-release-macos-x86_64 | 0.4.0 | 171.00 | NOTE | |||
r-release-windows-x86_64 | 0.4.0 | 38.00 | 178.00 | 216.00 | OK | |
r-oldrel-macos-arm64 | 0.4.0 | 10.00 | ERROR | |||
r-oldrel-macos-x86_64 | 0.4.0 | 6.00 | ERROR | |||
r-oldrel-windows-x86_64 | 0.4.0 | 47.00 | 254.00 | 301.00 | OK |
Version: 0.4.0
Check: installed package size
Result: NOTE
installed size is 6.1Mb
sub-directories of 1Mb or more:
libs 5.0Mb
Flavors: r-release-macos-arm64, r-release-macos-x86_64
Version: 0.4.0
Check: package dependencies
Result: ERROR
Package required but not available: ‘rhdf5’
See section ‘The DESCRIPTION file’ in the ‘Writing R Extensions’
manual.
Flavors: r-oldrel-macos-arm64, r-oldrel-macos-x86_64