Last updated on 2024-05-04 09:49:40 CEST.
Flavor | Version | Tinstall | Tcheck | Ttotal | Status | Flags |
---|---|---|---|---|---|---|
r-devel-linux-x86_64-debian-clang | 0.5.0 | 15.80 | 106.43 | 122.23 | OK | |
r-devel-linux-x86_64-debian-gcc | 0.5.0 | 14.74 | 79.75 | 94.49 | OK | |
r-devel-linux-x86_64-fedora-clang | 0.5.0 | 157.15 | NOTE | |||
r-devel-linux-x86_64-fedora-gcc | 0.5.0 | 161.06 | NOTE | |||
r-devel-windows-x86_64 | 0.5.0 | 17.00 | 109.00 | 126.00 | OK | |
r-patched-linux-x86_64 | 0.5.0 | 19.70 | 100.56 | 120.26 | OK | |
r-release-linux-x86_64 | 0.5.0 | 11.76 | 102.44 | 114.20 | OK | |
r-release-macos-arm64 | 0.5.0 | 63.00 | WARN | |||
r-release-macos-x86_64 | 0.5.0 | 162.00 | WARN | |||
r-release-windows-x86_64 | 0.5.0 | 15.00 | 104.00 | 119.00 | OK | |
r-oldrel-macos-arm64 | 0.5.0 | 67.00 | WARN | |||
r-oldrel-macos-x86_64 | 0.5.0 | 177.00 | WARN | |||
r-oldrel-windows-x86_64 | 0.5.0 | 20.00 | 121.00 | 141.00 | OK |
Version: 0.5.0
Check: data for non-ASCII characters
Result: NOTE
Note: found 20 marked UTF-8 strings
Flavors: r-devel-linux-x86_64-fedora-clang, r-devel-linux-x86_64-fedora-gcc
Version: 0.5.0
Check: loading without being on the library search path
Result: WARN
Error: package or namespace load failed for ‘LSTbook’:
.onLoad failed in loadNamespace() for 'LSTbook', details:
call: loadNamespace(name)
error: there is no package called ‘ggformula’
Execution halted
It looks like this package has a loading problem when not on .libPaths:
see the messages for details.
Flavors: r-release-macos-arm64, r-release-macos-x86_64, r-oldrel-macos-arm64, r-oldrel-macos-x86_64