Last updated on 2024-05-03 01:51:23 CEST.
Flavor | Version | Tinstall | Tcheck | Ttotal | Status | Flags |
---|---|---|---|---|---|---|
r-devel-linux-x86_64-debian-clang | 1.5 | 4.44 | 34.28 | 38.72 | NOTE | |
r-devel-linux-x86_64-debian-gcc | 1.5 | 2.64 | 25.30 | 27.94 | NOTE | |
r-devel-linux-x86_64-fedora-clang | 1.5 | 47.22 | NOTE | |||
r-devel-linux-x86_64-fedora-gcc | 1.5 | 44.43 | NOTE | |||
r-devel-windows-x86_64 | 1.5 | 4.00 | 53.00 | 57.00 | NOTE | |
r-patched-linux-x86_64 | 1.5 | 4.19 | 32.92 | 37.11 | NOTE | |
r-release-linux-x86_64 | 1.5 | 2.75 | 32.14 | 34.89 | NOTE | |
r-release-macos-arm64 | 1.5 | 17.00 | NOTE | |||
r-release-windows-x86_64 | 1.5 | 5.00 | 53.00 | 58.00 | NOTE | |
r-oldrel-macos-arm64 | 1.5 | 19.00 | NOTE | |||
r-oldrel-macos-x86_64 | 1.5 | 26.00 | NOTE | |||
r-oldrel-windows-x86_64 | 1.5 | 5.00 | 55.00 | 60.00 | NOTE |
Version: 1.5
Check: LazyData
Result: NOTE
'LazyData' is specified without a 'data' directory
Flavors: r-devel-linux-x86_64-debian-clang, r-devel-linux-x86_64-debian-gcc, r-devel-linux-x86_64-fedora-clang, r-devel-linux-x86_64-fedora-gcc, r-devel-windows-x86_64, r-patched-linux-x86_64, r-release-linux-x86_64, r-release-macos-arm64, r-release-windows-x86_64, r-oldrel-macos-arm64, r-oldrel-macos-x86_64, r-oldrel-windows-x86_64