Last updated on 2024-05-04 13:49:10 CEST.
Flavor | Version | Tinstall | Tcheck | Ttotal | Status | Flags |
---|---|---|---|---|---|---|
r-devel-linux-x86_64-debian-clang | 1.2.2 | 10.84 | 104.33 | 115.17 | OK | |
r-devel-linux-x86_64-debian-gcc | 1.2.2 | 9.21 | 77.31 | 86.52 | OK | |
r-devel-linux-x86_64-fedora-clang | 1.2.2 | 143.70 | NOTE | |||
r-devel-linux-x86_64-fedora-gcc | 1.2.2 | 135.41 | NOTE | |||
r-devel-windows-x86_64 | 1.2.2 | 12.00 | 92.00 | 104.00 | OK | |
r-patched-linux-x86_64 | 1.2.2 | 8.81 | 99.55 | 108.36 | OK | |
r-release-linux-x86_64 | 1.2.2 | 7.79 | 101.10 | 108.89 | OK | |
r-release-macos-arm64 | 1.2.2 | 41.00 | OK | |||
r-release-windows-x86_64 | 1.2.2 | 13.00 | 91.00 | 104.00 | OK | |
r-oldrel-macos-arm64 | 1.2.2 | 44.00 | OK | |||
r-oldrel-macos-x86_64 | 1.2.2 | 58.00 | OK | |||
r-oldrel-windows-x86_64 | 1.2.2 | 15.00 | 114.00 | 129.00 | OK |
Version: 1.2.2
Check: dependencies in R code
Result: NOTE
Namespaces in Imports field not imported from:
‘SnowballC’ ‘data.table’ ‘e1071’ ‘fastmatch’
All declared Imports should be used.
Flavors: r-devel-linux-x86_64-fedora-clang, r-devel-linux-x86_64-fedora-gcc