Last updated on 2024-05-04 09:49:40 CEST.
Flavor | Version | Tinstall | Tcheck | Ttotal | Status | Flags |
---|---|---|---|---|---|---|
r-devel-linux-x86_64-debian-clang | 0.1.1 | 0.43 | 2.32 | 2.75 | ERROR | |
r-devel-linux-x86_64-debian-gcc | 0.1.1 | 11.67 | 137.05 | 148.72 | NOTE | |
r-devel-linux-x86_64-fedora-clang | 0.1.1 | 266.11 | NOTE | |||
r-devel-linux-x86_64-fedora-gcc | 0.1.1 | 247.90 | NOTE | |||
r-devel-windows-x86_64 | 0.1.1 | 12.00 | 136.00 | 148.00 | NOTE | |
r-patched-linux-x86_64 | 0.1.1 | 13.01 | 176.72 | 189.73 | NOTE | |
r-release-linux-x86_64 | 0.1.1 | 13.42 | 177.06 | 190.48 | NOTE | |
r-release-macos-arm64 | 0.1.1 | 68.00 | NOTE | |||
r-release-macos-x86_64 | 0.1.1 | 160.00 | NOTE | |||
r-release-windows-x86_64 | 0.1.1 | 13.00 | 135.00 | 148.00 | NOTE | |
r-oldrel-macos-arm64 | 0.1.1 | 70.00 | NOTE | |||
r-oldrel-macos-x86_64 | 0.1.1 | 133.00 | NOTE | |||
r-oldrel-windows-x86_64 | 0.1.1 | 13.00 | 171.00 | 184.00 | NOTE |
Version: 0.1.1
Check: package dependencies
Result: ERROR
Package required but not available: ‘GenomicRanges’
See section ‘The DESCRIPTION file’ in the ‘Writing R Extensions’
manual.
Flavor: r-devel-linux-x86_64-debian-clang
Version: 0.1.1
Check: LazyData
Result: NOTE
'LazyData' is specified without a 'data' directory
Flavors: r-devel-linux-x86_64-debian-gcc, r-devel-linux-x86_64-fedora-clang, r-devel-linux-x86_64-fedora-gcc, r-devel-windows-x86_64, r-patched-linux-x86_64, r-release-linux-x86_64, r-release-macos-arm64, r-release-macos-x86_64, r-release-windows-x86_64, r-oldrel-macos-arm64, r-oldrel-macos-x86_64, r-oldrel-windows-x86_64