Last updated on 2024-05-04 13:49:11 CEST.
Flavor | Version | Tinstall | Tcheck | Ttotal | Status | Flags |
---|---|---|---|---|---|---|
r-devel-linux-x86_64-debian-clang | 1.4.0 | 24.62 | 322.16 | 346.78 | NOTE | |
r-devel-linux-x86_64-debian-gcc | 1.4.0 | 19.74 | 249.44 | 269.18 | OK | |
r-devel-linux-x86_64-fedora-clang | 1.4.0 | 491.32 | OK | |||
r-devel-linux-x86_64-fedora-gcc | 1.4.0 | 453.50 | OK | |||
r-devel-windows-x86_64 | 1.4.0 | 25.00 | 250.00 | 275.00 | OK | |
r-patched-linux-x86_64 | 1.4.0 | 27.59 | 324.94 | 352.53 | OK | |
r-release-linux-x86_64 | 1.4.0 | 22.58 | 324.51 | 347.09 | OK | |
r-release-macos-arm64 | 1.4.0 | 122.00 | NOTE | |||
r-release-windows-x86_64 | 1.4.0 | 22.00 | 245.00 | 267.00 | OK | |
r-oldrel-macos-arm64 | 1.4.0 | 135.00 | NOTE | |||
r-oldrel-macos-x86_64 | 1.4.0 | 214.00 | NOTE | |||
r-oldrel-windows-x86_64 | 1.4.0 | 31.00 | 320.00 | 351.00 | NOTE |
Version: 1.4.0
Check: package dependencies
Result: NOTE
Packages suggested but not available for checking:
'AnnotationDbi', 'BSgenome', 'BSgenome.Hsapiens.NCBI.GRCh38',
'clusterProfiler', 'GenomicRanges', 'MAST', 'org.Hs.eg.db',
'org.Mm.eg.db', 'wiggleplotr'
Flavor: r-devel-linux-x86_64-debian-clang
Version: 1.4.0
Check: package dependencies
Result: NOTE
Packages suggested but not available for checking:
'BSgenome.Hsapiens.NCBI.GRCh38', 'org.Mm.eg.db', 'wiggleplotr'
Flavors: r-release-macos-arm64, r-oldrel-macos-x86_64
Version: 1.4.0
Check: package dependencies
Result: NOTE
Packages suggested but not available for checking:
'BSgenome.Hsapiens.NCBI.GRCh38', 'clusterProfiler', 'org.Mm.eg.db',
'wiggleplotr'
Flavor: r-oldrel-macos-arm64
Version: 1.4.0
Check: package dependencies
Result: NOTE
Package suggested but not available for checking: 'BSgenome.Hsapiens.NCBI.GRCh38'
Flavor: r-oldrel-windows-x86_64