Last updated on 2024-05-04 09:49:41 CEST.
Flavor | Version | Tinstall | Tcheck | Ttotal | Status | Flags |
---|---|---|---|---|---|---|
r-devel-linux-x86_64-debian-clang | 0.1.0 | 1201.14 | 276.42 | 1477.56 | NOTE | |
r-devel-linux-x86_64-debian-gcc | 0.1.0 | 1132.30 | 287.24 | 1419.54 | NOTE | |
r-devel-linux-x86_64-fedora-clang | 0.1.0 | 1739.46 | NOTE | |||
r-devel-linux-x86_64-fedora-gcc | 0.1.0 | 2591.37 | NOTE | |||
r-devel-windows-x86_64 | 0.1.0 | 870.00 | 319.00 | 1189.00 | NOTE | |
r-patched-linux-x86_64 | 0.1.0 | 908.40 | 366.94 | 1275.34 | NOTE | |
r-release-linux-x86_64 | 0.1.0 | 954.42 | 370.34 | 1324.76 | NOTE | |
r-release-macos-arm64 | 0.1.0 | 434.00 | NOTE | |||
r-release-windows-x86_64 | 0.1.0 | 868.00 | 301.00 | 1169.00 | NOTE | |
r-oldrel-macos-arm64 | 0.1.0 | 447.00 | NOTE | |||
r-oldrel-macos-x86_64 | 0.1.0 | 708.00 | NOTE | |||
r-oldrel-windows-x86_64 | 0.1.0 | 1139.00 | 382.00 | 1521.00 | NOTE |
Version: 0.1.0
Check: for GNU extensions in Makefiles
Result: NOTE
GNU make is a SystemRequirements.
Flavors: r-devel-linux-x86_64-debian-clang, r-devel-linux-x86_64-debian-gcc, r-devel-linux-x86_64-fedora-clang, r-devel-linux-x86_64-fedora-gcc, r-devel-windows-x86_64, r-patched-linux-x86_64, r-release-linux-x86_64, r-release-macos-arm64, r-release-windows-x86_64, r-oldrel-macos-arm64, r-oldrel-macos-x86_64, r-oldrel-windows-x86_64
Version: 0.1.0
Check: installed package size
Result: NOTE
installed size is 10.6Mb
sub-directories of 1Mb or more:
libs 9.9Mb
Flavors: r-devel-linux-x86_64-fedora-clang, r-devel-windows-x86_64, r-release-macos-arm64, r-release-windows-x86_64, r-oldrel-macos-arm64, r-oldrel-macos-x86_64, r-oldrel-windows-x86_64
Version: 0.1.0
Check: dependencies in R code
Result: NOTE
Namespaces in Imports field not imported from:
‘pracma’ ‘rstantools’
All declared Imports should be used.
Flavors: r-devel-linux-x86_64-fedora-clang, r-devel-linux-x86_64-fedora-gcc