Last updated on 2024-05-04 09:49:40 CEST.
Flavor | Version | Tinstall | Tcheck | Ttotal | Status | Flags |
---|---|---|---|---|---|---|
r-devel-linux-x86_64-debian-clang | 0.1.0 | 24.50 | 161.63 | 186.13 | OK | |
r-devel-linux-x86_64-debian-gcc | 0.1.0 | 17.75 | 116.86 | 134.61 | OK | |
r-devel-linux-x86_64-fedora-clang | 0.1.0 | 222.43 | NOTE | |||
r-devel-linux-x86_64-fedora-gcc | 0.1.0 | 215.79 | NOTE | |||
r-devel-windows-x86_64 | 0.1.0 | 18.00 | 190.00 | 208.00 | OK | |
r-patched-linux-x86_64 | 0.1.0 | 19.93 | 153.93 | 173.86 | OK | |
r-release-linux-x86_64 | 0.1.0 | 13.81 | 154.94 | 168.75 | OK | |
r-release-macos-arm64 | 0.1.0 | 62.00 | OK | |||
r-release-windows-x86_64 | 0.1.0 | 16.00 | 118.00 | 134.00 | OK | |
r-oldrel-macos-arm64 | 0.1.0 | 82.00 | OK | |||
r-oldrel-macos-x86_64 | 0.1.0 | 122.00 | OK | |||
r-oldrel-windows-x86_64 | 0.1.0 | 22.00 | 145.00 | 167.00 | OK |
Version: 0.1.0
Check: dependencies in R code
Result: NOTE
Namespaces in Imports field not imported from:
‘ngram’ ‘shinythemes’ ‘topicmodels’
All declared Imports should be used.
Flavors: r-devel-linux-x86_64-fedora-clang, r-devel-linux-x86_64-fedora-gcc