Last updated on 2024-05-02 13:50:02 CEST.
Flavor | Version | Tinstall | Tcheck | Ttotal | Status | Flags |
---|---|---|---|---|---|---|
r-devel-linux-x86_64-debian-clang | 1.0.1 | 266.58 | 31.86 | 298.44 | OK | |
r-devel-linux-x86_64-debian-gcc | 1.0.1 | 200.01 | 23.81 | 223.82 | OK | |
r-devel-linux-x86_64-fedora-clang | 1.0.1 | 557.70 | OK | |||
r-devel-linux-x86_64-fedora-gcc | 1.0.1 | 475.52 | OK | |||
r-devel-windows-x86_64 | 1.0.1 | 456.00 | 73.00 | 529.00 | OK | |
r-patched-linux-x86_64 | 1.0.1 | 261.49 | 29.04 | 290.53 | OK | |
r-release-linux-x86_64 | 1.0.1 | 263.23 | 30.33 | 293.56 | OK | |
r-release-macos-arm64 | 1.0.1 | 79.00 | NOTE | |||
r-release-windows-x86_64 | 1.0.1 | 474.00 | 75.00 | 549.00 | OK | |
r-oldrel-macos-arm64 | 1.0.1 | 94.00 | NOTE | |||
r-oldrel-macos-x86_64 | 1.0.1 | 171.00 | NOTE | |||
r-oldrel-windows-x86_64 | 1.0.1 | 481.00 | 82.00 | 563.00 | OK |
Version: 1.0.1
Check: installed package size
Result: NOTE
installed size is 10.1Mb
sub-directories of 1Mb or more:
libs 9.8Mb
Flavors: r-release-macos-arm64, r-oldrel-macos-arm64, r-oldrel-macos-x86_64