Last updated on 2024-05-04 09:49:40 CEST.
Flavor | Version | Tinstall | Tcheck | Ttotal | Status | Flags |
---|---|---|---|---|---|---|
r-devel-linux-x86_64-debian-clang | 2.1.5 | 7.17 | 113.85 | 121.02 | NOTE | |
r-devel-linux-x86_64-debian-gcc | 2.1.5 | 6.61 | 83.93 | 90.54 | NOTE | |
r-devel-linux-x86_64-fedora-clang | 2.1.5 | 153.72 | NOTE | |||
r-devel-linux-x86_64-fedora-gcc | 2.1.5 | 159.15 | NOTE | |||
r-devel-windows-x86_64 | 2.1.5 | 9.00 | 341.00 | 350.00 | NOTE | |
r-patched-linux-x86_64 | 2.1.5 | 9.40 | 104.74 | 114.14 | NOTE | |
r-release-linux-x86_64 | 2.1.5 | 6.52 | 105.61 | 112.13 | NOTE | |
r-release-macos-arm64 | 2.1.5 | 163.00 | NOTE | |||
r-release-windows-x86_64 | 2.1.5 | 9.00 | 339.00 | 348.00 | NOTE | |
r-oldrel-macos-arm64 | 2.1.5 | 173.00 | OK | |||
r-oldrel-macos-x86_64 | 2.1.5 | 291.00 | OK | |||
r-oldrel-windows-x86_64 | 2.1.5 | 10.00 | 412.00 | 422.00 | OK |
Version: 2.1.5
Check: Rd files
Result: NOTE
checkRd: (-1) Markovchart.Rd:154: Lost braces
154 | If either \code{h} or \code{k} have length greater than 1, then the \code{G-value} (weighted average of average cost and cost standard deviation) is calculated for all given values without optimisation. The value of the function in this case is a data frame of class code{Markov_grid} with \code{length(h)*length(k)} number of rows and three columns for \code{h}, \code{k} and the \code{G-value}.
| ^
Flavors: r-devel-linux-x86_64-debian-clang, r-devel-linux-x86_64-debian-gcc, r-devel-linux-x86_64-fedora-clang, r-devel-linux-x86_64-fedora-gcc, r-devel-windows-x86_64, r-patched-linux-x86_64, r-release-linux-x86_64, r-release-macos-arm64, r-release-windows-x86_64