Last updated on 2024-05-04 09:49:40 CEST.
Flavor | Version | Tinstall | Tcheck | Ttotal | Status | Flags |
---|---|---|---|---|---|---|
r-devel-linux-x86_64-debian-clang | 0.3.0 | 9.45 | 91.98 | 101.43 | OK | |
r-devel-linux-x86_64-debian-gcc | 0.3.0 | 7.69 | 68.15 | 75.84 | OK | |
r-devel-linux-x86_64-fedora-clang | 0.3.0 | 133.26 | NOTE | |||
r-devel-linux-x86_64-fedora-gcc | 0.3.0 | 146.22 | NOTE | |||
r-devel-windows-x86_64 | 0.3.0 | 10.00 | 124.00 | 134.00 | OK | |
r-patched-linux-x86_64 | 0.3.0 | 5.95 | 87.48 | 93.43 | OK | |
r-release-linux-x86_64 | 0.3.0 | 6.06 | 85.53 | 91.59 | OK | |
r-release-macos-arm64 | 0.3.0 | 50.00 | OK | |||
r-release-macos-x86_64 | 0.3.0 | 133.00 | OK | |||
r-release-windows-x86_64 | 0.3.0 | 11.00 | 116.00 | 127.00 | OK | |
r-oldrel-macos-arm64 | 0.3.0 | 58.00 | OK | |||
r-oldrel-macos-x86_64 | 0.3.0 | 119.00 | OK | |||
r-oldrel-windows-x86_64 | 0.3.0 | 12.00 | 129.00 | 141.00 | OK |
Version: 0.3.0
Check: data for non-ASCII characters
Result: NOTE
Note: found 1 marked UTF-8 string
Flavors: r-devel-linux-x86_64-fedora-clang, r-devel-linux-x86_64-fedora-gcc