Last updated on 2024-05-04 09:49:40 CEST.
Flavor | Version | Tinstall | Tcheck | Ttotal | Status | Flags |
---|---|---|---|---|---|---|
r-devel-linux-x86_64-debian-clang | 0.10.0 | 78.62 | 406.01 | 484.63 | OK | |
r-devel-linux-x86_64-debian-gcc | 0.10.0 | 63.00 | 269.43 | 332.43 | OK | |
r-devel-linux-x86_64-fedora-clang | 0.10.0 | 601.71 | OK | |||
r-devel-linux-x86_64-fedora-gcc | 0.10.0 | 593.48 | OK | |||
r-devel-windows-x86_64 | 0.10.0 | 66.00 | 316.00 | 382.00 | OK | |
r-patched-linux-x86_64 | 0.10.0 | 87.58 | 370.41 | 457.99 | OK | |
r-release-linux-x86_64 | 0.10.0 | 54.79 | 370.16 | 424.95 | OK | |
r-release-macos-arm64 | 0.10.0 | 149.00 | NOTE | |||
r-release-macos-x86_64 | 0.10.0 | 407.00 | NOTE | |||
r-release-windows-x86_64 | 0.10.0 | 62.00 | 290.00 | 352.00 | OK | |
r-oldrel-macos-arm64 | 0.10.0 | 164.00 | NOTE | |||
r-oldrel-macos-x86_64 | 0.10.0 | 349.00 | NOTE | |||
r-oldrel-windows-x86_64 | 0.10.0 | 81.00 | 379.00 | 460.00 | OK |
Version: 0.10.0
Check: installed package size
Result: NOTE
installed size is 5.2Mb
sub-directories of 1Mb or more:
libs 3.6Mb
Flavors: r-release-macos-arm64, r-release-macos-x86_64, r-oldrel-macos-arm64, r-oldrel-macos-x86_64