Last updated on 2024-05-04 09:49:40 CEST.
Flavor | Version | Tinstall | Tcheck | Ttotal | Status | Flags |
---|---|---|---|---|---|---|
r-devel-linux-x86_64-debian-clang | 1.1.2 | 17.30 | 172.26 | 189.56 | NOTE | |
r-devel-linux-x86_64-debian-gcc | 1.1.2 | 16.68 | 123.14 | 139.82 | NOTE | |
r-devel-linux-x86_64-fedora-clang | 1.1.2 | 237.83 | NOTE | |||
r-devel-linux-x86_64-fedora-gcc | 1.1.2 | 246.75 | NOTE | |||
r-devel-windows-x86_64 | 1.1.2 | 17.00 | 147.00 | 164.00 | NOTE | |
r-patched-linux-x86_64 | 1.1.2 | 17.82 | 156.81 | 174.63 | NOTE | |
r-release-linux-x86_64 | 1.1.2 | 15.22 | 162.07 | 177.29 | NOTE | |
r-release-macos-arm64 | 1.1.2 | 70.00 | NOTE | |||
r-release-windows-x86_64 | 1.1.2 | 18.00 | 149.00 | 167.00 | NOTE | |
r-oldrel-macos-arm64 | 1.1.2 | 79.00 | OK | |||
r-oldrel-macos-x86_64 | 1.1.2 | 120.00 | OK | |||
r-oldrel-windows-x86_64 | 1.1.2 | 22.00 | 186.00 | 208.00 | OK |
Version: 1.1.2
Check: Rd files
Result: NOTE
checkRd: (-1) CVLasoelacox.Rd:68-69: Lost braces in \itemize; \value handles \item{}{} directly
checkRd: (-1) CVLasoelacox.Rd:70-71: Lost braces in \itemize; \value handles \item{}{} directly
checkRd: (-1) CVLasoelacox.Rd:72: Lost braces in \itemize; \value handles \item{}{} directly
checkRd: (-1) CVLasoelacox.Rd:73: Lost braces in \itemize; \value handles \item{}{} directly
checkRd: (-1) CVLasoelacox.Rd:74-76: Lost braces in \itemize; \value handles \item{}{} directly
checkRd: (-1) CVLasoelacox.Rd:77-79: Lost braces in \itemize; \value handles \item{}{} directly
checkRd: (-1) CVLasoelacox.Rd:80-81: Lost braces in \itemize; \value handles \item{}{} directly
checkRd: (-1) CVLasoelacox.Rd:82-85: Lost braces in \itemize; \value handles \item{}{} directly
checkRd: (-1) CVLasoelacox.Rd:86-87: Lost braces in \itemize; \value handles \item{}{} directly
Flavors: r-devel-linux-x86_64-debian-clang, r-devel-linux-x86_64-debian-gcc, r-devel-linux-x86_64-fedora-clang, r-devel-linux-x86_64-fedora-gcc, r-devel-windows-x86_64, r-patched-linux-x86_64, r-release-linux-x86_64, r-release-macos-arm64, r-release-windows-x86_64