Last updated on 2024-05-04 13:49:11 CEST.
Flavor | Version | Tinstall | Tcheck | Ttotal | Status | Flags |
---|---|---|---|---|---|---|
r-devel-linux-x86_64-debian-clang | 0.0.2 | 7.18 | 47.37 | 54.55 | OK | |
r-devel-linux-x86_64-debian-gcc | 0.0.2 | 4.67 | 35.48 | 40.15 | OK | |
r-devel-linux-x86_64-fedora-clang | 0.0.2 | 65.82 | NOTE | |||
r-devel-linux-x86_64-fedora-gcc | 0.0.2 | 66.89 | NOTE | |||
r-devel-windows-x86_64 | 0.0.2 | 8.00 | 64.00 | 72.00 | OK | |
r-patched-linux-x86_64 | 0.0.2 | 6.20 | 45.62 | 51.82 | OK | |
r-release-linux-x86_64 | 0.0.2 | 4.62 | 44.97 | 49.59 | OK | |
r-release-macos-arm64 | 0.0.2 | 23.00 | OK | |||
r-release-windows-x86_64 | 0.0.2 | 7.00 | 55.00 | 62.00 | OK | |
r-oldrel-macos-arm64 | 0.0.2 | 24.00 | OK | |||
r-oldrel-macos-x86_64 | 0.0.2 | 33.00 | OK | |||
r-oldrel-windows-x86_64 | 0.0.2 | 7.00 | 64.00 | 71.00 | OK |
Version: 0.0.2
Check: data for non-ASCII characters
Result: NOTE
Note: found 7 marked Latin-1 strings
Note: found 14 marked UTF-8 strings
Flavors: r-devel-linux-x86_64-fedora-clang, r-devel-linux-x86_64-fedora-gcc