Last updated on 2024-05-04 13:49:13 CEST.
Flavor | Version | Tinstall | Tcheck | Ttotal | Status | Flags |
---|---|---|---|---|---|---|
r-devel-linux-x86_64-debian-clang | 0.1.3 | 15.59 | 192.07 | 207.66 | NOTE | |
r-devel-linux-x86_64-debian-gcc | 0.1.3 | 12.52 | 142.70 | 155.22 | NOTE | |
r-devel-linux-x86_64-fedora-clang | 0.1.3 | 256.03 | NOTE | |||
r-devel-linux-x86_64-fedora-gcc | 0.1.3 | 265.97 | NOTE | |||
r-devel-windows-x86_64 | 0.1.3 | 14.00 | 154.00 | 168.00 | NOTE | |
r-patched-linux-x86_64 | 0.1.3 | 11.93 | 183.15 | 195.08 | NOTE | |
r-release-linux-x86_64 | 0.1.3 | 14.57 | 181.04 | 195.61 | NOTE | |
r-release-macos-arm64 | 0.1.3 | 73.00 | NOTE | |||
r-release-windows-x86_64 | 0.1.3 | 15.00 | 158.00 | 173.00 | NOTE | |
r-oldrel-macos-arm64 | 0.1.3 | 49.00 | NOTE | |||
r-oldrel-macos-x86_64 | 0.1.3 | 81.00 | NOTE | |||
r-oldrel-windows-x86_64 | 0.1.3 | 19.00 | 202.00 | 221.00 | NOTE |
Version: 0.1.3
Check: package dependencies
Result: NOTE
Package suggested but not available for checking: ‘rrelaxiv’
Flavors: r-devel-linux-x86_64-debian-clang, r-devel-linux-x86_64-debian-gcc, r-devel-linux-x86_64-fedora-clang, r-devel-linux-x86_64-fedora-gcc, r-devel-windows-x86_64, r-patched-linux-x86_64, r-release-linux-x86_64, r-release-macos-arm64, r-release-windows-x86_64, r-oldrel-macos-arm64, r-oldrel-macos-x86_64, r-oldrel-windows-x86_64
Version: 0.1.3
Check: dependencies in R code
Result: NOTE
Namespaces in Imports field not imported from:
‘RCurl’ ‘fields’ ‘optmatch’ ‘rcbalance’ ‘utils’
All declared Imports should be used.
Flavors: r-devel-linux-x86_64-fedora-clang, r-devel-linux-x86_64-fedora-gcc