Last updated on 2024-05-04 13:49:13 CEST.
Flavor | Version | Tinstall | Tcheck | Ttotal | Status | Flags |
---|---|---|---|---|---|---|
r-devel-linux-x86_64-debian-clang | 1.1.6 | 18.24 | 583.54 | 601.78 | OK | |
r-devel-linux-x86_64-debian-gcc | 1.1.6 | 15.31 | 477.22 | 492.53 | OK | |
r-devel-linux-x86_64-fedora-clang | 1.1.6 | 731.29 | NOTE | |||
r-devel-linux-x86_64-fedora-gcc | 1.1.6 | 809.82 | NOTE | |||
r-devel-windows-x86_64 | 1.1.6 | 17.00 | 435.00 | 452.00 | OK | |
r-patched-linux-x86_64 | 1.1.6 | 17.54 | 604.04 | 621.58 | OK | |
r-release-linux-x86_64 | 1.1.6 | 19.50 | 603.30 | 622.80 | OK | |
r-release-macos-arm64 | 1.1.6 | 214.00 | OK | |||
r-release-macos-x86_64 | 1.1.6 | 251.00 | OK | |||
r-release-windows-x86_64 | 1.1.6 | 20.00 | 426.00 | 446.00 | OK | |
r-oldrel-macos-arm64 | 1.1.6 | 164.00 | OK | |||
r-oldrel-macos-x86_64 | 1.1.6 | 237.00 | OK | |||
r-oldrel-windows-x86_64 | 1.1.6 | 23.00 | 591.00 | 614.00 | OK |
Version: 1.1.6
Check: dependencies in R code
Result: NOTE
Namespaces in Imports field not imported from:
‘Kendall’ ‘perm’
All declared Imports should be used.
Flavors: r-devel-linux-x86_64-fedora-clang, r-devel-linux-x86_64-fedora-gcc
Version: 1.1.6
Check: data for non-ASCII characters
Result: NOTE
Note: found 63 marked UTF-8 strings
Flavors: r-devel-linux-x86_64-fedora-clang, r-devel-linux-x86_64-fedora-gcc