Last updated on 2024-05-04 13:49:13 CEST.
Flavor | Version | Tinstall | Tcheck | Ttotal | Status | Flags |
---|---|---|---|---|---|---|
r-devel-linux-x86_64-debian-clang | 3.3 | 6.25 | 52.83 | 59.08 | NOTE | |
r-devel-linux-x86_64-debian-gcc | 3.3 | 4.62 | 38.87 | 43.49 | NOTE | |
r-devel-linux-x86_64-fedora-clang | 3.3 | 71.84 | NOTE | |||
r-devel-linux-x86_64-fedora-gcc | 3.3 | 74.08 | NOTE | |||
r-devel-windows-x86_64 | 3.3 | 6.00 | 70.00 | 76.00 | NOTE | |
r-patched-linux-x86_64 | 3.3 | 5.23 | 50.73 | 55.96 | NOTE | |
r-release-linux-x86_64 | 3.3 | 5.98 | 50.81 | 56.79 | NOTE | |
r-release-macos-arm64 | 3.3 | 26.00 | NOTE | |||
r-release-windows-x86_64 | 3.3 | 7.00 | 70.00 | 77.00 | NOTE | |
r-oldrel-macos-arm64 | 3.3 | 30.00 | NOTE | |||
r-oldrel-macos-x86_64 | 3.3 | 38.00 | NOTE | |||
r-oldrel-windows-x86_64 | 3.3 | 8.00 | 76.00 | 84.00 | NOTE |
Version: 3.3
Check: Rd files
Result: NOTE
checkRd: (-1) graphresU.fun.Rd:72: Escaped LaTeX specials: \&
Flavors: r-devel-linux-x86_64-debian-clang, r-devel-linux-x86_64-debian-gcc, r-devel-linux-x86_64-fedora-clang, r-devel-linux-x86_64-fedora-gcc, r-devel-windows-x86_64, r-patched-linux-x86_64, r-release-linux-x86_64, r-release-macos-arm64, r-release-windows-x86_64, r-oldrel-macos-arm64, r-oldrel-macos-x86_64, r-oldrel-windows-x86_64