Last updated on 2024-05-02 13:50:06 CEST.
Flavor | Version | Tinstall | Tcheck | Ttotal | Status | Flags |
---|---|---|---|---|---|---|
r-devel-linux-x86_64-debian-clang | 0.27 | 38.21 | 719.23 | 757.44 | OK | |
r-devel-linux-x86_64-debian-gcc | 0.27 | 31.03 | 516.39 | 547.42 | OK | |
r-devel-linux-x86_64-fedora-clang | 0.27 | 1065.81 | NOTE | |||
r-devel-linux-x86_64-fedora-gcc | 0.27 | 921.64 | NOTE | |||
r-devel-windows-x86_64 | 0.27 | 36.00 | 540.00 | 576.00 | OK | |
r-patched-linux-x86_64 | 0.27 | 50.71 | 668.66 | 719.37 | OK | |
r-release-linux-x86_64 | 0.27 | 31.38 | 659.88 | 691.26 | OK | |
r-release-macos-arm64 | 0.27 | 270.00 | NOTE | |||
r-release-macos-x86_64 | 0.27 | 715.00 | NOTE | |||
r-release-windows-x86_64 | 0.27 | 36.00 | 544.00 | 580.00 | OK | |
r-oldrel-macos-arm64 | 0.27 | 275.00 | NOTE | |||
r-oldrel-macos-x86_64 | 0.27 | 589.00 | NOTE | |||
r-oldrel-windows-x86_64 | 0.27 | 47.00 | 706.00 | 753.00 | OK |
Version: 0.27
Check: dependencies in R code
Result: NOTE
Namespace in Imports field not imported from: ‘BiocManager’
All declared Imports should be used.
Flavors: r-devel-linux-x86_64-fedora-clang, r-devel-linux-x86_64-fedora-gcc
Version: 0.27
Check: package dependencies
Result: NOTE
Package suggested but not available for checking: ‘doMPI’
Flavors: r-release-macos-arm64, r-release-macos-x86_64, r-oldrel-macos-arm64, r-oldrel-macos-x86_64