Last updated on 2024-05-04 09:49:42 CEST.
Flavor | Version | Tinstall | Tcheck | Ttotal | Status | Flags |
---|---|---|---|---|---|---|
r-devel-linux-x86_64-debian-clang | 0.5 | 52.54 | 71.83 | 124.37 | NOTE | |
r-devel-linux-x86_64-debian-gcc | 0.5 | 40.34 | 51.66 | 92.00 | NOTE | |
r-devel-linux-x86_64-fedora-clang | 0.5 | 179.45 | NOTE | |||
r-devel-linux-x86_64-fedora-gcc | 0.5 | 170.51 | NOTE | |||
r-devel-windows-x86_64 | 0.5 | 51.00 | 90.00 | 141.00 | NOTE | |
r-patched-linux-x86_64 | 0.5 | 56.02 | 65.26 | 121.28 | NOTE | |
r-release-linux-x86_64 | 0.5 | 48.87 | 65.07 | 113.94 | NOTE | |
r-release-macos-arm64 | 0.5 | 46.00 | NOTE | |||
r-release-windows-x86_64 | 0.5 | 44.00 | 96.00 | 140.00 | NOTE | |
r-oldrel-macos-arm64 | 0.5 | 50.00 | OK | |||
r-oldrel-macos-x86_64 | 0.5 | 81.00 | OK | |||
r-oldrel-windows-x86_64 | 0.5 | 55.00 | 110.00 | 165.00 | OK |
Version: 0.5
Check: Rd files
Result: NOTE
checkRd: (-1) Lcm.Rd:75: Lost braces
75 | \item{\code{GetTrace()}:}{retrieve all traced iterations. Returns a list with all the parameters set using the method SetTrace(). See description of snapshot{reference} method for a description of the parameters. }
| ^
Flavors: r-devel-linux-x86_64-debian-clang, r-devel-linux-x86_64-debian-gcc, r-devel-linux-x86_64-fedora-clang, r-devel-linux-x86_64-fedora-gcc, r-devel-windows-x86_64, r-patched-linux-x86_64, r-release-linux-x86_64, r-release-macos-arm64, r-release-windows-x86_64