Last updated on 2024-05-02 21:52:50 CEST.
Flavor | Version | Tinstall | Tcheck | Ttotal | Status | Flags |
---|---|---|---|---|---|---|
r-devel-linux-x86_64-debian-clang | 0.3.4 | 70.12 | 124.12 | 194.24 | NOTE | |
r-devel-linux-x86_64-debian-gcc | 0.3.4 | 54.02 | 96.96 | 150.98 | NOTE | |
r-devel-linux-x86_64-fedora-clang | 0.3.4 | 263.28 | NOTE | |||
r-devel-linux-x86_64-fedora-gcc | 0.3.4 | 284.62 | NOTE | |||
r-devel-windows-x86_64 | 0.3.4 | 57.00 | 154.00 | 211.00 | NOTE | |
r-patched-linux-x86_64 | 0.3.4 | 62.12 | 122.18 | 184.30 | NOTE | |
r-release-linux-x86_64 | 0.3.4 | 64.70 | 123.16 | 187.86 | NOTE | |
r-release-macos-arm64 | 0.3.4 | 71.00 | NOTE | |||
r-release-windows-x86_64 | 0.3.4 | 54.00 | 149.00 | 203.00 | NOTE | |
r-oldrel-macos-arm64 | 0.3.4 | 81.00 | NOTE | |||
r-oldrel-macos-x86_64 | 0.3.4 | 125.00 | NOTE | |||
r-oldrel-windows-x86_64 | 0.3.4 | 69.00 | 168.00 | 237.00 | NOTE |
Version: 0.3.4
Check: C++ specification
Result: NOTE
Specified C++11: please drop specification unless essential
Flavors: r-devel-linux-x86_64-debian-clang, r-devel-linux-x86_64-debian-gcc, r-devel-linux-x86_64-fedora-clang, r-devel-linux-x86_64-fedora-gcc, r-devel-windows-x86_64, r-patched-linux-x86_64, r-release-linux-x86_64, r-release-macos-arm64, r-release-windows-x86_64, r-oldrel-macos-arm64, r-oldrel-macos-x86_64, r-oldrel-windows-x86_64