Last updated on 2024-05-04 13:49:13 CEST.
Flavor | Version | Tinstall | Tcheck | Ttotal | Status | Flags |
---|---|---|---|---|---|---|
r-devel-linux-x86_64-debian-clang | 1.2.4 | 62.55 | 116.89 | 179.44 | NOTE | |
r-devel-linux-x86_64-debian-gcc | 1.2.4 | 46.55 | 86.39 | 132.94 | NOTE | |
r-devel-linux-x86_64-fedora-clang | 1.2.4 | 253.48 | NOTE | |||
r-devel-linux-x86_64-fedora-gcc | 1.2.4 | 258.06 | NOTE | |||
r-devel-windows-x86_64 | 1.2.4 | 56.00 | 122.00 | 178.00 | NOTE | |
r-patched-linux-x86_64 | 1.2.4 | 62.91 | 111.17 | 174.08 | NOTE | |
r-release-linux-x86_64 | 1.2.4 | 43.29 | 110.36 | 153.65 | NOTE | |
r-release-macos-arm64 | 1.2.4 | 68.00 | NOTE | |||
r-release-windows-x86_64 | 1.2.4 | 53.00 | 116.00 | 169.00 | NOTE | |
r-oldrel-macos-arm64 | 1.2.4 | 72.00 | NOTE | |||
r-oldrel-macos-x86_64 | 1.2.4 | 113.00 | NOTE | |||
r-oldrel-windows-x86_64 | 1.2.4 | 66.00 | 142.00 | 208.00 | NOTE |
Version: 1.2.4
Check: C++ specification
Result: NOTE
Specified C++11: please drop specification unless essential
Flavors: r-devel-linux-x86_64-debian-clang, r-devel-linux-x86_64-debian-gcc, r-devel-linux-x86_64-fedora-clang, r-devel-linux-x86_64-fedora-gcc, r-devel-windows-x86_64, r-patched-linux-x86_64, r-release-linux-x86_64, r-release-macos-arm64, r-release-windows-x86_64, r-oldrel-macos-arm64, r-oldrel-macos-x86_64, r-oldrel-windows-x86_64