Last updated on 2024-05-04 09:49:43 CEST.
Flavor | Version | Tinstall | Tcheck | Ttotal | Status | Flags |
---|---|---|---|---|---|---|
r-devel-linux-x86_64-debian-clang | 3.7.0 | 25.63 | 502.05 | 527.68 | NOTE | |
r-devel-linux-x86_64-debian-gcc | 3.7.0 | 17.98 | 425.18 | 443.16 | OK | |
r-devel-linux-x86_64-fedora-clang | 3.7.0 | 769.75 | OK | |||
r-devel-linux-x86_64-fedora-gcc | 3.7.0 | 736.07 | OK | |||
r-devel-windows-x86_64 | 3.7.0 | 21.00 | 411.00 | 432.00 | OK | |
r-patched-linux-x86_64 | 3.7.0 | 21.29 | 534.46 | 555.75 | OK | |
r-release-linux-x86_64 | 3.7.0 | 22.30 | 534.43 | 556.73 | OK | |
r-release-macos-arm64 | 3.7.0 | 214.00 | ERROR | |||
r-release-macos-x86_64 | 3.7.0 | 230.00 | OK | |||
r-release-windows-x86_64 | 3.7.0 | 22.00 | 653.00 | 675.00 | OK | |
r-oldrel-macos-arm64 | 3.7.0 | 152.00 | OK | |||
r-oldrel-macos-x86_64 | 3.7.0 | 243.00 | OK | |||
r-oldrel-windows-x86_64 | 3.7.0 | 26.00 | 535.00 | 561.00 | OK |
Version: 3.7.0
Check: package dependencies
Result: NOTE
Package suggested but not available for checking: ‘clusterProfiler’
Flavor: r-devel-linux-x86_64-debian-clang
Version: 3.7.0
Check: tests
Result: ERROR
Running ‘testthat.R’ [73s/77s]
Running the tests in ‘tests/testthat.R’ failed.
Last 13 lines of output:
• pca_plot/pca-basic-plotting.svg
• pca_plot/pca-plot-color-by-treatment.svg
• pca_plot/pca-plot-drop-assays-and-drop-samples.svg
• pca_plot/pca-plot-internal-2.svg
• pca_plot/pca-plot-internal-3.svg
• pca_plot/pca-plot-internal-4.svg
• pca_plot/pca-plot-internal.svg
• pca_plot/pca-plot-label-outliers.svg
• pca_plot/pca-plot-not-label-outliers.svg
• pca_plot/pca-plot-panel-1.svg
• pca_plot/pca-plot-panel-2.svg
• pca_plot/pca-plot-with-loadings.svg
• pca_plot/pca-plot.svg
Error: Test failures
Execution halted
Flavor: r-release-macos-arm64