Last updated on 2024-05-04 09:49:43 CEST.
Flavor | Version | Tinstall | Tcheck | Ttotal | Status | Flags |
---|---|---|---|---|---|---|
r-devel-linux-x86_64-debian-clang | 1.3.0 | 66.96 | 117.67 | 184.63 | OK | |
r-devel-linux-x86_64-debian-gcc | 1.3.0 | 57.80 | 89.22 | 147.02 | OK | |
r-devel-linux-x86_64-fedora-clang | 1.3.0 | 239.14 | OK | |||
r-devel-linux-x86_64-fedora-gcc | 1.3.0 | 268.83 | OK | |||
r-devel-windows-x86_64 | 1.3.0 | 57.00 | 140.00 | 197.00 | NOTE | |
r-patched-linux-x86_64 | 1.3.0 | 73.47 | 112.28 | 185.75 | OK | |
r-release-linux-x86_64 | 1.3.0 | 60.74 | 109.09 | 169.83 | OK | |
r-release-macos-arm64 | 1.3.0 | 77.00 | NOTE | |||
r-release-windows-x86_64 | 1.3.0 | 55.00 | 142.00 | 197.00 | NOTE | |
r-oldrel-macos-arm64 | 1.3.0 | 65.00 | NOTE | |||
r-oldrel-macos-x86_64 | 1.3.0 | 162.00 | NOTE | |||
r-oldrel-windows-x86_64 | 1.3.0 | 69.00 | 164.00 | 233.00 | NOTE |
Version: 1.3.0
Check: installed package size
Result: NOTE
installed size is 5.1Mb
sub-directories of 1Mb or more:
doc 2.4Mb
libs 1.6Mb
Flavors: r-devel-windows-x86_64, r-release-macos-arm64, r-release-windows-x86_64, r-oldrel-macos-arm64, r-oldrel-macos-x86_64, r-oldrel-windows-x86_64