Last updated on 2024-05-04 09:49:43 CEST.
Flavor | Version | Tinstall | Tcheck | Ttotal | Status | Flags |
---|---|---|---|---|---|---|
r-devel-linux-x86_64-debian-clang | 0.1.14 | 17.69 | 157.58 | 175.27 | NOTE | |
r-devel-linux-x86_64-debian-gcc | 0.1.14 | 17.97 | 113.87 | 131.84 | NOTE | |
r-devel-linux-x86_64-fedora-clang | 0.1.14 | 219.11 | NOTE | |||
r-devel-linux-x86_64-fedora-gcc | 0.1.14 | 221.28 | NOTE | |||
r-devel-windows-x86_64 | 0.1.14 | 24.00 | 161.00 | 185.00 | NOTE | |
r-patched-linux-x86_64 | 0.1.14 | 29.24 | 148.80 | 178.04 | NOTE | |
r-release-linux-x86_64 | 0.1.14 | 13.17 | 151.78 | 164.95 | NOTE | |
r-release-macos-arm64 | 0.1.14 | 53.00 | NOTE | |||
r-release-windows-x86_64 | 0.1.14 | 20.00 | 156.00 | 176.00 | NOTE | |
r-oldrel-macos-arm64 | 0.1.14 | 52.00 | OK | |||
r-oldrel-macos-x86_64 | 0.1.14 | 109.00 | OK | |||
r-oldrel-windows-x86_64 | 0.1.14 | 24.00 | 195.00 | 219.00 | OK |
Version: 0.1.14
Check: Rd files
Result: NOTE
checkRd: (-1) constructD.Rd:18: Lost braces
18 | values for code{"columns"} and \code{"rows"}).}
| ^
checkRd: (-1) indexConflict2.Rd:43: Lost braces; missing escapes or markup?
43 | { Z_max x Z_mdn - Z_min <= crit }.
| ^
checkRd: (-1) indexConflict2.Rd:46: Lost braces; missing escapes or markup?
46 | { Z_min - Z_max x Z_mdn <= crit }.
| ^
checkRd: (-1) indexConflict2.Rd:56: Lost braces; missing escapes or markup?
56 | { a x Z_max x Z_mdn =< crit/a + Z_min}. This shows that a bigger value of \code{a}
| ^
checkRd: (-1) perturbate.Rd:18: Lost braces; missing escapes or markup?
18 | range. Usually {-1, 1} are reasonable settings}
| ^
checkRd: (-1) settings.Rd:23: Lost braces in \itemize; meant \describe ?
checkRd: (-1) settings.Rd:24: Lost braces in \itemize; meant \describe ?
checkRd: (-1) settings.Rd:25: Lost braces in \itemize; meant \describe ?
checkRd: (-1) settings.Rd:26: Lost braces in \itemize; meant \describe ?
checkRd: (-1) settings.Rd:27: Lost braces in \itemize; meant \describe ?
checkRd: (-1) settings.Rd:28: Lost braces in \itemize; meant \describe ?
Flavors: r-devel-linux-x86_64-debian-clang, r-devel-linux-x86_64-debian-gcc, r-devel-linux-x86_64-fedora-clang, r-devel-linux-x86_64-fedora-gcc, r-devel-windows-x86_64, r-patched-linux-x86_64, r-release-linux-x86_64, r-release-macos-arm64, r-release-windows-x86_64
Version: 0.1.14
Check: Rd \usage sections
Result: NOTE
Documented arguments not in \usage in Rd file 'bertinBase.Rd':
‘x’ ‘ratings’ ‘trim’
Documented arguments not in \usage in Rd file 'biplot3dBase2.Rd':
‘ext.sphere’
Documented arguments not in \usage in Rd file 'convertImportObjectToRepGridObject.Rd':
‘x’
Documented arguments not in \usage in Rd file 'convertScivescoImportObjectToRepGridObject.Rd':
‘x’
Documented arguments not in \usage in Rd file 'mapCoordinatesToColor.Rd':
‘color’
Documented arguments not in \usage in Rd file 'quasiDistributionDistanceSlater.Rd':
‘rep’
Functions with \usage entries need to have the appropriate \alias
entries, and all their arguments documented.
The \usage entries must correspond to syntactically valid R code.
See chapter ‘Writing R documentation files’ in the ‘Writing R
Extensions’ manual.
Flavors: r-devel-linux-x86_64-debian-clang, r-devel-linux-x86_64-debian-gcc, r-devel-linux-x86_64-fedora-clang, r-devel-linux-x86_64-fedora-gcc, r-devel-windows-x86_64, r-patched-linux-x86_64, r-release-linux-x86_64, r-release-macos-arm64, r-release-windows-x86_64