Last updated on 2024-05-04 05:50:28 CEST.
Flavor | Version | Tinstall | Tcheck | Ttotal | Status | Flags |
---|---|---|---|---|---|---|
r-devel-linux-x86_64-debian-clang | 1.0.11 | 1.13 | 2.22 | 3.35 | ERROR | |
r-devel-linux-x86_64-fedora-clang | 1.0.11 | 107.81 | OK | |||
r-devel-linux-x86_64-fedora-gcc | 1.0.11 | 109.57 | OK | |||
r-devel-windows-x86_64 | 1.0.11 | 11.00 | 80.00 | 91.00 | OK | |
r-patched-linux-x86_64 | 1.0.11 | 5.66 | 67.97 | 73.63 | OK | |
r-release-linux-x86_64 | 1.0.11 | 5.94 | 67.84 | 73.78 | OK | |
r-release-macos-arm64 | 1.0.11 | 38.00 | OK | |||
r-release-macos-x86_64 | 1.0.11 | 83.00 | OK | |||
r-release-windows-x86_64 | 1.0.11 | 10.00 | 79.00 | 89.00 | OK | |
r-oldrel-macos-arm64 | 1.0.11 | 43.00 | OK | |||
r-oldrel-macos-x86_64 | 1.0.11 | 83.00 | OK | |||
r-oldrel-windows-x86_64 | 1.0.11 | 12.00 | 86.00 | 98.00 | OK |
Version: 1.0.11
Check: package dependencies
Result: ERROR
Packages required but not available: 'GenomicAlignments', 'GenomicRanges'
See section ‘The DESCRIPTION file’ in the ‘Writing R Extensions’
manual.
Flavor: r-devel-linux-x86_64-debian-clang