Last updated on 2024-05-04 09:49:44 CEST.
Flavor | Version | Tinstall | Tcheck | Ttotal | Status | Flags |
---|---|---|---|---|---|---|
r-devel-linux-x86_64-debian-clang | 0.1.0 | 3.31 | 56.40 | 59.71 | OK | |
r-devel-linux-x86_64-debian-gcc | 0.1.0 | 2.33 | 39.95 | 42.28 | OK | |
r-devel-linux-x86_64-fedora-clang | 0.1.0 | 71.81 | NOTE | |||
r-devel-linux-x86_64-fedora-gcc | 0.1.0 | 80.34 | OK | |||
r-devel-windows-x86_64 | 0.1.0 | 4.00 | 68.00 | 72.00 | OK | |
r-patched-linux-x86_64 | 0.1.0 | 3.12 | 52.51 | 55.63 | OK | |
r-release-linux-x86_64 | 0.1.0 | 1.90 | 53.12 | 55.02 | OK | |
r-release-macos-arm64 | 0.1.0 | 27.00 | OK | |||
r-release-windows-x86_64 | 0.1.0 | 4.00 | 67.00 | 71.00 | OK | |
r-oldrel-macos-arm64 | 0.1.0 | 29.00 | OK | |||
r-oldrel-macos-x86_64 | 0.1.0 | 47.00 | OK | |||
r-oldrel-windows-x86_64 | 0.1.0 | 4.00 | 69.00 | 73.00 | OK |
Version: 0.1.0
Check: Rd cross-references
Result: NOTE
Undeclared package ‘aricode’ in Rd xrefs
Flavor: r-devel-linux-x86_64-fedora-clang