Last updated on 2024-05-04 13:49:15 CEST.
Flavor | Version | Tinstall | Tcheck | Ttotal | Status | Flags |
---|---|---|---|---|---|---|
r-devel-linux-x86_64-debian-clang | 1.3.0 | 116.97 | 874.17 | 991.14 | OK | |
r-devel-linux-x86_64-debian-gcc | 1.3.0 | 92.28 | 610.91 | 703.19 | OK | |
r-devel-linux-x86_64-fedora-clang | 1.3.0 | 1183.21 | NOTE | |||
r-devel-linux-x86_64-fedora-gcc | 1.3.0 | 1268.83 | NOTE | |||
r-devel-windows-x86_64 | 1.3.0 | 91.00 | 654.00 | 745.00 | OK | |
r-patched-linux-x86_64 | 1.3.0 | 110.40 | 871.62 | 982.02 | OK | |
r-release-linux-x86_64 | 1.3.0 | 109.15 | 869.61 | 978.76 | OK | |
r-release-macos-arm64 | 1.3.0 | 231.00 | OK | |||
r-release-windows-x86_64 | 1.3.0 | 91.00 | 629.00 | 720.00 | OK | |
r-oldrel-macos-arm64 | 1.3.0 | 285.00 | OK | |||
r-oldrel-macos-x86_64 | 1.3.0 | 455.00 | OK | |||
r-oldrel-windows-x86_64 | 1.3.0 | 109.00 | 808.00 | 917.00 | OK |
Version: 1.3.0
Check: dependencies in R code
Result: NOTE
Namespace in Imports field not imported from: ‘BH’
All declared Imports should be used.
Flavors: r-devel-linux-x86_64-fedora-clang, r-devel-linux-x86_64-fedora-gcc