Last updated on 2024-05-04 09:49:44 CEST.
Flavor | Version | Tinstall | Tcheck | Ttotal | Status | Flags |
---|---|---|---|---|---|---|
r-devel-linux-x86_64-debian-clang | 1.1.4 | 232.75 | 40.48 | 273.23 | OK | |
r-devel-linux-x86_64-debian-gcc | 1.1.4 | 183.30 | 31.01 | 214.31 | OK | |
r-devel-linux-x86_64-fedora-clang | 1.1.4 | 399.25 | OK | |||
r-devel-linux-x86_64-fedora-gcc | 1.1.4 | 409.04 | OK | |||
r-devel-windows-x86_64 | 1.1.4 | 174.00 | 78.00 | 252.00 | OK | |
r-patched-linux-x86_64 | 1.1.4 | 243.90 | 38.69 | 282.59 | OK | |
r-release-linux-x86_64 | 1.1.4 | 233.53 | 38.41 | 271.94 | OK | |
r-release-macos-arm64 | 1.1.4 | 72.00 | NOTE | |||
r-release-windows-x86_64 | 1.1.4 | 178.00 | 78.00 | 256.00 | OK | |
r-oldrel-macos-arm64 | 1.1.4 | 75.00 | NOTE | |||
r-oldrel-macos-x86_64 | 1.1.4 | 83.00 | NOTE | |||
r-oldrel-windows-x86_64 | 1.1.4 | 216.00 | 86.00 | 302.00 | OK |
Version: 1.1.4
Check: installed package size
Result: NOTE
installed size is 13.0Mb
sub-directories of 1Mb or more:
libs 12.8Mb
Flavors: r-release-macos-arm64, r-oldrel-macos-arm64, r-oldrel-macos-x86_64