Last updated on 2024-05-04 09:49:44 CEST.
Flavor | Version | Tinstall | Tcheck | Ttotal | Status | Flags |
---|---|---|---|---|---|---|
r-devel-linux-x86_64-debian-clang | 1.6.5 | 0.88 | 2.63 | 3.51 | ERROR | |
r-devel-linux-x86_64-debian-gcc | 1.6.5 | 165.49 | 467.88 | 633.37 | OK | |
r-devel-linux-x86_64-fedora-clang | 1.6.5 | 1198.26 | OK | |||
r-devel-linux-x86_64-fedora-gcc | 1.6.5 | 1107.54 | OK | |||
r-devel-windows-x86_64 | 1.6.5 | 150.00 | 466.00 | 616.00 | OK | |
r-patched-linux-x86_64 | 1.6.5 | 212.14 | 603.18 | 815.32 | OK | |
r-release-linux-x86_64 | 1.6.5 | 183.56 | 612.20 | 795.76 | OK | |
r-release-macos-arm64 | 1.6.5 | 266.00 | NOTE | |||
r-release-macos-x86_64 | 1.6.5 | 295.00 | NOTE | |||
r-release-windows-x86_64 | 1.6.5 | 151.00 | 451.00 | 602.00 | OK | |
r-oldrel-macos-arm64 | 1.6.5 | 184.00 | NOTE | |||
r-oldrel-macos-x86_64 | 1.6.5 | 284.00 | NOTE | |||
r-oldrel-windows-x86_64 | 1.6.5 | 181.00 | 612.00 | 793.00 | OK |
Version: 1.6.5
Check: package dependencies
Result: ERROR
Package required but not available: ‘scater’
See section ‘The DESCRIPTION file’ in the ‘Writing R Extensions’
manual.
Flavor: r-devel-linux-x86_64-debian-clang
Version: 1.6.5
Check: installed package size
Result: NOTE
installed size is 11.5Mb
sub-directories of 1Mb or more:
data 2.2Mb
libs 8.5Mb
Flavors: r-release-macos-arm64, r-release-macos-x86_64, r-oldrel-macos-arm64, r-oldrel-macos-x86_64