Last updated on 2024-05-04 13:49:15 CEST.
Flavor | Version | Tinstall | Tcheck | Ttotal | Status | Flags |
---|---|---|---|---|---|---|
r-devel-linux-x86_64-debian-clang | 0.3.0 | 17.81 | 158.11 | 175.92 | OK | |
r-devel-linux-x86_64-debian-gcc | 0.3.0 | 12.10 | 118.57 | 130.67 | OK | |
r-devel-linux-x86_64-fedora-clang | 0.3.0 | 222.37 | OK | |||
r-devel-linux-x86_64-fedora-gcc | 0.3.0 | 226.10 | OK | |||
r-devel-windows-x86_64 | 0.3.0 | 15.00 | 125.00 | 140.00 | OK | |
r-patched-linux-x86_64 | 0.3.0 | 10.74 | 157.42 | 168.16 | OK | |
r-release-linux-x86_64 | 0.3.0 | 10.60 | 154.63 | 165.23 | OK | |
r-release-macos-arm64 | 0.3.0 | 70.00 | OK | |||
r-release-windows-x86_64 | 0.3.0 | 14.00 | 111.00 | 125.00 | ERROR | |
r-oldrel-macos-arm64 | 0.3.0 | 80.00 | OK | |||
r-oldrel-macos-x86_64 | 0.3.0 | 118.00 | OK | |||
r-oldrel-windows-x86_64 | 0.3.0 | 21.00 | 150.00 | 171.00 | OK |
Version: 0.3.0
Check: re-building of vignette outputs
Result: ERROR
Error(s) in re-building vignettes:
--- re-building 'README.Rmd' using rmarkdown
Quitting from lines at lines 168-170 [unnamed-chunk-8] (README.Rmd)
Error: processing vignette 'README.Rmd' failed with diagnostics:
cannot open the connection to 'https://github.com/zhaiso1/PRSPGx/blob/main/coef_est_LDpred2.rda?raw=true'
--- failed re-building 'README.Rmd'
SUMMARY: processing the following file failed:
'README.Rmd'
Error: Vignette re-building failed.
Execution halted
Flavor: r-release-windows-x86_64