Last updated on 2024-05-04 13:49:16 CEST.
Flavor | Version | Tinstall | Tcheck | Ttotal | Status | Flags |
---|---|---|---|---|---|---|
r-devel-linux-x86_64-debian-clang | 0.0.1 | 2.80 | 35.11 | 37.91 | NOTE | |
r-devel-linux-x86_64-debian-gcc | 0.0.1 | 2.38 | 26.38 | 28.76 | NOTE | |
r-devel-linux-x86_64-fedora-clang | 0.0.1 | 48.12 | NOTE | |||
r-devel-linux-x86_64-fedora-gcc | 0.0.1 | 57.49 | NOTE | |||
r-devel-windows-x86_64 | 0.0.1 | 4.00 | 54.00 | 58.00 | NOTE | |
r-patched-linux-x86_64 | 0.0.1 | 3.97 | 32.81 | 36.78 | NOTE | |
r-release-linux-x86_64 | 0.0.1 | 2.44 | 32.88 | 35.32 | NOTE | |
r-release-macos-arm64 | 0.0.1 | 26.00 | NOTE | |||
r-release-windows-x86_64 | 0.0.1 | 4.00 | 52.00 | 56.00 | NOTE | |
r-oldrel-macos-arm64 | 0.0.1 | 36.00 | OK | |||
r-oldrel-macos-x86_64 | 0.0.1 | 71.00 | OK | |||
r-oldrel-windows-x86_64 | 0.0.1 | 3.00 | 51.00 | 54.00 | OK |
Version: 0.0.1
Check: Rd files
Result: NOTE
checkRd: (-1) qpc.Rd:43: Lost braces
43 | S{Sulewski, P. (2020). \emph{Normal Distribution with Plasticizing Component,} Communications in Statistics ? Theory and Method 51(11), 3806-3835.}
| ^
Flavors: r-devel-linux-x86_64-debian-clang, r-devel-linux-x86_64-debian-gcc, r-devel-linux-x86_64-fedora-clang, r-devel-linux-x86_64-fedora-gcc, r-devel-windows-x86_64, r-patched-linux-x86_64, r-release-linux-x86_64, r-release-macos-arm64, r-release-windows-x86_64