Last updated on 2024-05-02 21:52:52 CEST.
Flavor | Version | Tinstall | Tcheck | Ttotal | Status | Flags |
---|---|---|---|---|---|---|
r-devel-linux-x86_64-debian-clang | 1.7.0 | 52.64 | 515.03 | 567.67 | OK | |
r-devel-linux-x86_64-debian-gcc | 1.7.0 | 46.86 | 371.16 | 418.02 | OK | |
r-devel-linux-x86_64-fedora-clang | 1.7.0 | 708.77 | OK | |||
r-devel-linux-x86_64-fedora-gcc | 1.7.0 | 686.67 | OK | |||
r-devel-windows-x86_64 | 1.7.0 | 51.00 | 358.00 | 409.00 | OK | |
r-patched-linux-x86_64 | 1.7.0 | 64.40 | 494.46 | 558.86 | OK | |
r-release-linux-x86_64 | 1.7.0 | 59.56 | 492.35 | 551.91 | OK | |
r-release-macos-arm64 | 1.7.0 | 167.00 | NOTE | |||
r-release-macos-x86_64 | 1.7.0 | 415.00 | NOTE | |||
r-release-windows-x86_64 | 1.7.0 | 49.00 | 354.00 | 403.00 | OK | |
r-oldrel-macos-arm64 | 1.7.0 | 179.00 | NOTE | |||
r-oldrel-macos-x86_64 | 1.7.0 | 424.00 | NOTE | |||
r-oldrel-windows-x86_64 | 1.7.0 | 62.00 | 502.00 | 564.00 | OK |
Version: 1.7.0
Check: installed package size
Result: NOTE
installed size is 5.1Mb
sub-directories of 1Mb or more:
libs 3.5Mb
Flavors: r-release-macos-arm64, r-release-macos-x86_64, r-oldrel-macos-arm64, r-oldrel-macos-x86_64