Last updated on 2024-05-04 09:49:44 CEST.
Flavor | Version | Tinstall | Tcheck | Ttotal | Status | Flags |
---|---|---|---|---|---|---|
r-devel-linux-x86_64-debian-clang | 1.6.0 | 44.54 | 377.92 | 422.46 | OK | |
r-devel-linux-x86_64-debian-gcc | 1.6.0 | 29.44 | 256.70 | 286.14 | OK | |
r-devel-linux-x86_64-fedora-clang | 1.6.0 | 488.55 | NOTE | |||
r-devel-linux-x86_64-fedora-gcc | 1.6.0 | 475.56 | OK | |||
r-devel-windows-x86_64 | 1.6.0 | 31.00 | 244.00 | 275.00 | NOTE | |
r-patched-linux-x86_64 | 1.6.0 | 42.09 | 344.05 | 386.14 | OK | |
r-release-linux-x86_64 | 1.6.0 | 25.10 | 349.48 | 374.58 | OK | |
r-release-macos-arm64 | 1.6.0 | 120.00 | NOTE | |||
r-release-macos-x86_64 | 1.6.0 | 276.00 | NOTE | |||
r-release-windows-x86_64 | 1.6.0 | 31.00 | 239.00 | 270.00 | NOTE | |
r-oldrel-macos-arm64 | 1.6.0 | 123.00 | NOTE | |||
r-oldrel-macos-x86_64 | 1.6.0 | 245.00 | NOTE | |||
r-oldrel-windows-x86_64 | 1.6.0 | 40.00 | 319.00 | 359.00 | NOTE |
Version: 1.6.0
Check: installed package size
Result: NOTE
installed size is 7.0Mb
sub-directories of 1Mb or more:
doc 5.9Mb
Flavors: r-devel-linux-x86_64-fedora-clang, r-devel-windows-x86_64, r-release-macos-arm64, r-release-macos-x86_64, r-release-windows-x86_64, r-oldrel-macos-arm64, r-oldrel-macos-x86_64, r-oldrel-windows-x86_64