Last updated on 2024-05-04 13:49:15 CEST.
Flavor | Version | Tinstall | Tcheck | Ttotal | Status | Flags |
---|---|---|---|---|---|---|
r-devel-linux-x86_64-debian-clang | 0.3.1 | 2.49 | 35.64 | 38.13 | OK | |
r-devel-linux-x86_64-debian-gcc | 0.3.1 | 2.13 | 25.92 | 28.05 | OK | |
r-devel-linux-x86_64-fedora-clang | 0.3.1 | 47.85 | OK | |||
r-devel-linux-x86_64-fedora-gcc | 0.3.1 | 56.12 | OK | |||
r-devel-windows-x86_64 | 0.3.1 | 3.00 | 53.00 | 56.00 | OK | |
r-patched-linux-x86_64 | 0.3.1 | 2.04 | 32.84 | 34.88 | OK | |
r-release-linux-x86_64 | 0.3.1 | 1.96 | 28.71 | 30.67 | ERROR | |
r-release-macos-arm64 | 0.3.1 | 33.00 | OK | |||
r-release-windows-x86_64 | 0.3.1 | 3.00 | 52.00 | 55.00 | OK | |
r-oldrel-macos-arm64 | 0.3.1 | 32.00 | OK | |||
r-oldrel-macos-x86_64 | 0.3.1 | 43.00 | OK | |||
r-oldrel-windows-x86_64 | 0.3.1 | 4.00 | 53.00 | 57.00 | OK |
Version: 0.3.1
Check: re-building of vignette outputs
Result: ERROR
Error(s) in re-building vignettes:
...
--- re-building ‘Introduction.Rmd’ using rmarkdown
Quitting from lines at lines 32-38 [unnamed-chunk-2] (Introduction.Rmd)
Error: processing vignette 'Introduction.Rmd' failed with diagnostics:
Failed writing received data to disk/application
--- failed re-building ‘Introduction.Rmd’
SUMMARY: processing the following file failed:
‘Introduction.Rmd’
Error: Vignette re-building failed.
Execution halted
Flavor: r-release-linux-x86_64