Last updated on 2024-05-04 13:49:15 CEST.
Flavor | Version | Tinstall | Tcheck | Ttotal | Status | Flags |
---|---|---|---|---|---|---|
r-devel-linux-x86_64-debian-clang | 1.5.4 | 55.98 | 441.21 | 497.19 | NOTE | |
r-devel-linux-x86_64-debian-gcc | 1.5.4 | 44.61 | 296.47 | 341.08 | NOTE | |
r-devel-linux-x86_64-fedora-clang | 1.5.4 | 593.45 | OK | |||
r-devel-linux-x86_64-fedora-gcc | 1.5.4 | 562.93 | OK | |||
r-devel-windows-x86_64 | 1.5.4 | 43.00 | 240.00 | 283.00 | OK | |
r-patched-linux-x86_64 | 1.5.4 | 51.99 | 397.25 | 449.24 | NOTE | |
r-release-linux-x86_64 | 1.5.4 | 37.30 | 407.52 | 444.82 | NOTE | |
r-release-macos-arm64 | 1.5.4 | 122.00 | NOTE | |||
r-release-windows-x86_64 | 1.5.4 | 45.00 | 243.00 | 288.00 | OK | |
r-oldrel-macos-arm64 | 1.5.4 | 120.00 | NOTE | |||
r-oldrel-macos-x86_64 | 1.5.4 | 234.00 | NOTE | |||
r-oldrel-windows-x86_64 | 1.5.4 | 61.00 | 337.00 | 398.00 | NOTE |
Version: 1.5.4
Check: package dependencies
Result: NOTE
Package suggested but not available for checking: ‘INLA’
Flavors: r-devel-linux-x86_64-debian-clang, r-devel-linux-x86_64-debian-gcc, r-patched-linux-x86_64, r-release-linux-x86_64, r-release-macos-arm64, r-oldrel-macos-arm64, r-oldrel-macos-x86_64, r-oldrel-windows-x86_64