Last updated on 2024-05-04 13:49:15 CEST.
Flavor | Version | Tinstall | Tcheck | Ttotal | Status | Flags |
---|---|---|---|---|---|---|
r-devel-linux-x86_64-debian-clang | 0.3.2 | 43.81 | 98.75 | 142.56 | NOTE | |
r-devel-linux-x86_64-debian-gcc | 0.3.2 | 37.10 | 71.40 | 108.50 | NOTE | |
r-devel-linux-x86_64-fedora-clang | 0.3.2 | 185.31 | NOTE | |||
r-devel-linux-x86_64-fedora-gcc | 0.3.2 | 181.78 | NOTE | |||
r-devel-windows-x86_64 | 0.3.2 | 40.00 | 108.00 | 148.00 | NOTE | |
r-patched-linux-x86_64 | 0.3.2 | 40.92 | 91.38 | 132.30 | NOTE | |
r-release-linux-x86_64 | 0.3.2 | 41.57 | 90.09 | 131.66 | NOTE | |
r-release-macos-arm64 | 0.3.2 | 48.00 | NOTE | |||
r-release-windows-x86_64 | 0.3.2 | 40.00 | 105.00 | 145.00 | NOTE | |
r-oldrel-macos-arm64 | 0.3.2 | 53.00 | OK | |||
r-oldrel-macos-x86_64 | 0.3.2 | 89.00 | OK | |||
r-oldrel-windows-x86_64 | 0.3.2 | 48.00 | 124.00 | 172.00 | OK |
Version: 0.3.2
Check: Rd files
Result: NOTE
checkRd: (-1) proc.Rd:27: Lost braces in \itemize; meant \describe ?
checkRd: (-1) proc.Rd:28: Lost braces in \itemize; meant \describe ?
Flavors: r-devel-linux-x86_64-debian-clang, r-devel-linux-x86_64-debian-gcc, r-devel-linux-x86_64-fedora-clang, r-devel-linux-x86_64-fedora-gcc, r-devel-windows-x86_64, r-patched-linux-x86_64, r-release-linux-x86_64, r-release-macos-arm64, r-release-windows-x86_64