Last updated on 2024-05-04 13:49:16 CEST.
Flavor | Version | Tinstall | Tcheck | Ttotal | Status | Flags |
---|---|---|---|---|---|---|
r-devel-linux-x86_64-debian-clang | 1.0.0 | 56.57 | 193.56 | 250.13 | OK | |
r-devel-linux-x86_64-debian-gcc | 1.0.0 | 48.07 | 148.72 | 196.79 | OK | |
r-devel-linux-x86_64-fedora-clang | 1.0.0 | 340.29 | OK | |||
r-devel-linux-x86_64-fedora-gcc | 1.0.0 | 349.19 | OK | |||
r-devel-windows-x86_64 | 1.0.0 | 45.00 | 207.00 | 252.00 | OK | |
r-patched-linux-x86_64 | 1.0.0 | 55.40 | 194.21 | 249.61 | OK | |
r-release-linux-x86_64 | 1.0.0 | 51.53 | 193.22 | 244.75 | OK | |
r-release-macos-arm64 | 1.0.0 | 95.00 | NOTE | |||
r-release-macos-x86_64 | 1.0.0 | 130.00 | NOTE | |||
r-release-windows-x86_64 | 1.0.0 | 44.00 | 205.00 | 249.00 | OK | |
r-oldrel-macos-arm64 | 1.0.0 | 88.00 | NOTE | |||
r-oldrel-macos-x86_64 | 1.0.0 | 123.00 | NOTE | |||
r-oldrel-windows-x86_64 | 1.0.0 | 57.00 | 243.00 | 300.00 | OK |
Version: 1.0.0
Check: installed package size
Result: NOTE
installed size is 12.3Mb
sub-directories of 1Mb or more:
libs 11.6Mb
Flavors: r-release-macos-arm64, r-release-macos-x86_64, r-oldrel-macos-arm64, r-oldrel-macos-x86_64