Last updated on 2024-05-04 09:49:45 CEST.
Flavor | Version | Tinstall | Tcheck | Ttotal | Status | Flags |
---|---|---|---|---|---|---|
r-devel-linux-x86_64-debian-clang | 1.1.3 | 73.08 | 33.68 | 106.76 | NOTE | |
r-devel-linux-x86_64-debian-gcc | 1.1.3 | 68.73 | 26.42 | 95.15 | NOTE | |
r-devel-linux-x86_64-fedora-clang | 1.1.3 | 133.66 | NOTE | |||
r-devel-linux-x86_64-fedora-gcc | 1.1.3 | 163.75 | NOTE | |||
r-devel-windows-x86_64 | 1.1.3 | 67.00 | 70.00 | 137.00 | NOTE | |
r-patched-linux-x86_64 | 1.1.3 | 84.78 | 33.34 | 118.12 | NOTE | |
r-release-linux-x86_64 | 1.1.3 | 74.52 | 32.63 | 107.15 | NOTE | |
r-release-macos-arm64 | 1.1.3 | 40.00 | NOTE | |||
r-release-macos-x86_64 | 1.1.3 | 129.00 | NOTE | |||
r-release-windows-x86_64 | 1.1.3 | 71.00 | 69.00 | 140.00 | NOTE | |
r-oldrel-macos-arm64 | 1.1.3 | 54.00 | NOTE | |||
r-oldrel-macos-x86_64 | 1.1.3 | 129.00 | NOTE | |||
r-oldrel-windows-x86_64 | 1.1.3 | 67.00 | 83.00 | 150.00 | NOTE |
Version: 1.1.3
Check: for GNU extensions in Makefiles
Result: NOTE
GNU make is a SystemRequirements.
Flavors: r-devel-linux-x86_64-debian-clang, r-devel-linux-x86_64-debian-gcc, r-devel-linux-x86_64-fedora-clang, r-devel-linux-x86_64-fedora-gcc, r-devel-windows-x86_64, r-patched-linux-x86_64, r-release-linux-x86_64, r-release-macos-arm64, r-release-macos-x86_64, r-release-windows-x86_64, r-oldrel-macos-arm64, r-oldrel-macos-x86_64, r-oldrel-windows-x86_64
Version: 1.1.3
Check: installed package size
Result: NOTE
installed size is 11.3Mb
sub-directories of 1Mb or more:
lib 5.3Mb
libs 5.6Mb
Flavors: r-release-macos-arm64, r-release-macos-x86_64, r-oldrel-macos-arm64, r-oldrel-macos-x86_64