Last updated on 2024-05-04 13:49:16 CEST.
Flavor | Version | Tinstall | Tcheck | Ttotal | Status | Flags |
---|---|---|---|---|---|---|
r-devel-linux-x86_64-debian-clang | 0.8-9 | 59.33 | 212.19 | 271.52 | OK | |
r-devel-linux-x86_64-debian-gcc | 0.8-9 | 55.39 | 152.03 | 207.42 | OK | |
r-devel-linux-x86_64-fedora-clang | 0.8-9 | 361.65 | NOTE | |||
r-devel-linux-x86_64-fedora-gcc | 0.8-9 | 338.05 | OK | |||
r-devel-windows-x86_64 | 0.8-9 | 51.00 | 164.00 | 215.00 | OK | |
r-patched-linux-x86_64 | 0.8-9 | 51.98 | 200.27 | 252.25 | OK | |
r-release-linux-x86_64 | 0.8-9 | 45.25 | 202.69 | 247.94 | OK | |
r-release-macos-arm64 | 0.8-9 | 80.00 | OK | |||
r-release-macos-x86_64 | 0.8-9 | 261.00 | OK | |||
r-release-windows-x86_64 | 0.8-9 | 48.00 | 156.00 | 204.00 | OK | |
r-oldrel-macos-arm64 | 0.8-9 | 87.00 | OK | |||
r-oldrel-macos-x86_64 | 0.8-9 | 186.00 | OK | |||
r-oldrel-windows-x86_64 | 0.8-9 | 69.00 | 209.00 | 278.00 | OK |
Version: 0.8-9
Check: Rd cross-references
Result: NOTE
Undeclared package ‘generics’ in Rd xrefs
Flavor: r-devel-linux-x86_64-fedora-clang