Last updated on 2024-05-03 01:51:30 CEST.
Flavor | Version | Tinstall | Tcheck | Ttotal | Status | Flags |
---|---|---|---|---|---|---|
r-devel-linux-x86_64-debian-clang | 1.0 | 31.31 | 68.04 | 99.35 | NOTE | |
r-devel-linux-x86_64-debian-gcc | 1.0 | 28.93 | 50.10 | 79.03 | NOTE | |
r-devel-linux-x86_64-fedora-clang | 1.0 | 140.40 | NOTE | |||
r-devel-linux-x86_64-fedora-gcc | 1.0 | 129.25 | NOTE | |||
r-devel-windows-x86_64 | 1.0 | 33.00 | 76.00 | 109.00 | NOTE | |
r-patched-linux-x86_64 | 1.0 | 39.06 | 62.89 | 101.95 | NOTE | |
r-release-linux-x86_64 | 1.0 | 23.74 | 64.84 | 88.58 | NOTE | |
r-release-macos-arm64 | 1.0 | 37.00 | NOTE | |||
r-release-windows-x86_64 | 1.0 | 33.00 | 74.00 | 107.00 | NOTE | |
r-oldrel-macos-arm64 | 1.0 | 39.00 | NOTE | |||
r-oldrel-macos-x86_64 | 1.0 | 67.00 | NOTE | |||
r-oldrel-windows-x86_64 | 1.0 | 42.00 | 85.00 | 127.00 | NOTE |
Version: 1.0
Check: LazyData
Result: NOTE
'LazyData' is specified without a 'data' directory
Flavors: r-devel-linux-x86_64-debian-clang, r-devel-linux-x86_64-debian-gcc, r-devel-linux-x86_64-fedora-clang, r-devel-linux-x86_64-fedora-gcc, r-devel-windows-x86_64, r-patched-linux-x86_64, r-release-linux-x86_64, r-release-macos-arm64, r-release-windows-x86_64, r-oldrel-macos-arm64, r-oldrel-macos-x86_64, r-oldrel-windows-x86_64