Last updated on 2024-05-04 13:49:17 CEST.
Flavor | Version | Tinstall | Tcheck | Ttotal | Status | Flags |
---|---|---|---|---|---|---|
r-devel-linux-x86_64-debian-clang | 0.9.8 | 10.27 | 113.06 | 123.33 | OK | |
r-devel-linux-x86_64-debian-gcc | 0.9.8 | 6.72 | 86.64 | 93.36 | OK | |
r-devel-linux-x86_64-fedora-clang | 0.9.8 | 155.30 | NOTE | |||
r-devel-linux-x86_64-fedora-gcc | 0.9.8 | 146.29 | NOTE | |||
r-devel-windows-x86_64 | 0.9.8 | 9.00 | 102.00 | 111.00 | OK | |
r-patched-linux-x86_64 | 0.9.8 | 6.27 | 106.30 | 112.57 | OK | |
r-release-linux-x86_64 | 0.9.8 | 6.71 | 108.79 | 115.50 | OK | |
r-release-macos-arm64 | 0.9.8 | 53.00 | OK | |||
r-release-macos-x86_64 | 0.9.8 | 148.00 | OK | |||
r-release-windows-x86_64 | 0.9.8 | 9.00 | 99.00 | 108.00 | OK | |
r-oldrel-macos-arm64 | 0.9.8 | 60.00 | OK | |||
r-oldrel-macos-x86_64 | 0.9.8 | 120.00 | OK | |||
r-oldrel-windows-x86_64 | 0.9.8 | 12.00 | 121.00 | 133.00 | OK |
Version: 0.9.8
Check: data for non-ASCII characters
Result: NOTE
Note: found 1 marked UTF-8 string
Flavors: r-devel-linux-x86_64-fedora-clang, r-devel-linux-x86_64-fedora-gcc