Last updated on 2024-05-04 09:49:47 CEST.
Flavor | Version | Tinstall | Tcheck | Ttotal | Status | Flags |
---|---|---|---|---|---|---|
r-devel-linux-x86_64-debian-clang | 4.2.7 | 22.09 | 150.53 | 172.62 | OK | |
r-devel-linux-x86_64-debian-gcc | 4.2.7 | 12.92 | 108.70 | 121.62 | OK | |
r-devel-linux-x86_64-fedora-clang | 4.2.7 | 211.19 | NOTE | |||
r-devel-linux-x86_64-fedora-gcc | 4.2.7 | 207.95 | OK | |||
r-devel-windows-x86_64 | 4.2.7 | 20.00 | 129.00 | 149.00 | OK | |
r-patched-linux-x86_64 | 4.2.7 | 23.64 | 143.11 | 166.75 | OK | |
r-release-linux-x86_64 | 4.2.7 | 11.70 | 139.65 | 151.35 | OK | |
r-release-macos-arm64 | 4.2.7 | 59.00 | OK | |||
r-release-windows-x86_64 | 4.2.7 | 19.00 | 132.00 | 151.00 | OK | |
r-oldrel-macos-arm64 | 4.2.7 | 67.00 | OK | |||
r-oldrel-macos-x86_64 | 4.2.7 | 99.00 | OK | |||
r-oldrel-windows-x86_64 | 4.2.7 | 25.00 | 150.00 | 175.00 | OK |
Version: 4.2.7
Check: Rd cross-references
Result: NOTE
Undeclared packages ‘tseries’, ‘TSA’ in Rd xrefs
Flavor: r-devel-linux-x86_64-fedora-clang