Last updated on 2024-05-04 09:49:47 CEST.
Flavor | Version | Tinstall | Tcheck | Ttotal | Status | Flags |
---|---|---|---|---|---|---|
r-devel-linux-x86_64-debian-clang | 3.2.4 | 124.37 | 61.93 | 186.30 | NOTE | |
r-devel-linux-x86_64-debian-gcc | 3.2.4 | 98.93 | 46.50 | 145.43 | NOTE | |
r-devel-linux-x86_64-fedora-clang | 3.2.4 | 307.27 | NOTE | |||
r-devel-linux-x86_64-fedora-gcc | 3.2.4 | 300.84 | NOTE | |||
r-devel-windows-x86_64 | 3.2.4 | 103.00 | 87.00 | 190.00 | NOTE | |
r-patched-linux-x86_64 | 3.2.4 | 124.97 | 60.28 | 185.25 | NOTE | |
r-release-linux-x86_64 | 3.2.4 | 128.64 | 58.46 | 187.10 | NOTE | |
r-release-macos-arm64 | 3.2.4 | 66.00 | NOTE | |||
r-release-windows-x86_64 | 3.2.4 | 101.00 | 87.00 | 188.00 | NOTE | |
r-oldrel-macos-arm64 | 3.2.4 | 74.00 | NOTE | |||
r-oldrel-macos-x86_64 | 3.2.4 | 110.00 | NOTE | |||
r-oldrel-windows-x86_64 | 3.2.4 | 121.00 | 103.00 | 224.00 | NOTE |
Version: 3.2.4
Check: C++ specification
Result: NOTE
Specified C++11: please drop specification unless essential
Flavors: r-devel-linux-x86_64-debian-clang, r-devel-linux-x86_64-debian-gcc, r-devel-linux-x86_64-fedora-clang, r-devel-linux-x86_64-fedora-gcc, r-devel-windows-x86_64, r-patched-linux-x86_64, r-release-linux-x86_64, r-release-macos-arm64, r-release-windows-x86_64, r-oldrel-macos-arm64, r-oldrel-macos-x86_64, r-oldrel-windows-x86_64